at is the units digit of 110614502?
2
What is the tens digit of 127168312?
1
What is the hundred thousands digit of 38950280?
9
What is the tens digit of 318084584?
8
What is the hundred millions digit of 5844835174?
8
What is the tens digit of 6611505712?
1
What is the ten millions digit of 24105064?
2
What is the ten millions digit of 1749538207?
4
What is the ten millions digit of 63781473?
6
What is the units digit of 5024629753?
3
What is the hundred millions digit of 374072928?
3
What is the ten thousands digit of 163980846?
8
What is the ten thousands digit of 663976944?
7
What is the hundred thousands digit of 2163027487?
0
What is the hundreds digit of 11177661?
6
What is the hundred thousands digit of 496659150?
6
What is the units digit of 16305708?
8
What is the millions digit of 90498360?
0
What is the ten millions digit of 1354148847?
5
What is the hundred millions digit of 656745892?
6
What is the hundred thousands digit of 288801889?
8
What is the hundreds digit of 684391101?
1
What is the units digit of 543012759?
9
What is the thousands digit of 889763049?
3
What is the ten millions digit of 32482912?
3
What is the units digit of 4100221?
1
What is the ten millions digit of 43675457?
4
What is the units digit of 30246002?
2
What is the ten thousands digit of 5281704?
8
What is the ten thousands digit of 556977517?
7
What is the ten thousands digit of 4257669992?
6
What is the hundreds digit of 667443?
4
What is the billions digit of 4585929032?
4
What is the ten thousands digit of 2875393537?
9
What is the ten thousands digit of 3623384103?
8
What is the ten thousands digit of 37367433?
6
What is the hundreds digit of 180163596?
5
What is the ten thousands digit of 54197701?
9
What is the ten thousands digit of 107099508?
9
What is the thousands digit of 55796446?
6
What is the hundreds digit of 434498132?
1
What is the thousands digit of 7662263?
2
What is the hundred millions digit of 402440886?
4
What is the thousands digit of 49497494?
7
What is the hundred thousands digit of 649858296?
8
What is the tens digit of 168368728?
2
What is the thousands digit of 1358137819?
7
What is the units digit of 149271247?
7
What is the tens digit of 945885311?
1
What is the ten thousands digit of 41964529?
6
What is the hundred thousands digit of 948258841?
2
What is the millions digit of 94560559?
4
What is the units digit of 85896782?
2
What is the units digit of 122699016?
6
What is the hundred thousands digit of 32466286?
4
What is the tens digit of 77939094?
9
What is the tens digit of 39747481?
8
What is the units digit of 120539518?
8
What is the thousands digit of 63644343?
4
What is the tens digit of 65925864?
6
What is the tens digit of 47790112?
1
What is the tens digit of 371158287?
8
What is the hundred thousands digit of 161820208?
8
What is the millions digit of 387157509?
7
What is the hundred millions digit of 3742002925?
7
What is the millions digit of 252461225?
2
What is the millions digit of 172372213?
2
What is the hundred millions digit of 126381245?
1
What is the ten thousands digit of 253325879?
2
What is the units digit of 191585590?
0
What is the millions digit of 1017243138?
7
What is the hundred thousands digit of 591328760?
3
What is the thousands digit of 39049874?
9
What is the units digit of 153699981?
1
What is the ten millions digit of 32290612?
3
What is the hundreds digit of 836727077?
0
What is the tens digit of 98957286?
8
What is the units digit of 403428354?
4
What is the units digit of 29465130?
0
What is the millions digit of 1494975830?
4
What is the millions digit of 69426347?
9
What is the ten thousands digit of 69153512?
5
What is the ten thousands digit of 208766546?
6
What is the thousands digit of 5436181477?
1
What is the hundreds digit of 243768936?
9
What is the units digit of 354520153?
3
What is the thousands digit of 1209269678?
9
What is the tens digit of 337384565?
6
What is the tens digit of 487902590?
9
What is the ten thousands digit of 1696218504?
1
What is the billions digit of 1322197646?
1
What is the millions digit of 10993464?
0
What is the tens digit of 43469625?
2
What is the ten millions digit of 378297507?
7
What is the thousands digit of 90806988?
6
What is the thousands digit of 65514192?
4
What is the millions digit of 1716637296?
6
What is the thousands digit of 37924089?
4
What is the thousands digit of 248273871?
3
What is the hundreds digit of 391116368?
3
What is the ten millions digit of 201863325?
0
What is the hundred millions digit of 218732205?
2
What is the ten thousands digit of 541623322?
2
What is the millions digit of 1305946498?
5
What is the hundreds digit of 65170657?
6
What is the tens digit of 67976243?
4
What is the tens digit of 3781316294?
9
What is the thousands digit of 68718972?
8
What is the tens digit of 28054974?
7
What is the tens digit of 18838507?
0
What is the thousands digit of 1129760126?
0
What is the thousands digit of 12192401?
2
What is the ten millions digit of 914375270?
1
What is the thousands digit of 30153169?
3
What is the hundred thousands digit of 62904898?
9
What is the ten thousands digit of 3275839159?
3
What is the hundreds digit of 63019581?
5
What is the millions digit of 33419702?
3
What is the thousands digit of 255433272?
3
What is the ten millions digit of 483993318?
8
What is the millions digit of 1919680990?
9
What is the units digit of 316666273?
3
What is the millions digit of 143045147?
3
What is the hundred millions digit of 556883667?
5
What is the units digit of 199448225?
5
What is the ten thousands digit of 52015000?
1
What is the hundred thousands digit of 34593708?
5
What is the ten thousands digit of 504368936?
6
What is the units digit of 92003337?
7
What is the thousands digit of 3230467935?
7
What is the thousands digit of 44473000?
3
What is the hundred millions digit of 3168947578?
1
What is the units digit of 1591646759?
9
What is the units digit of 126535119?
9
What is the tens digit of 32318605?
0
What is the millions digit of 5577916?
5
What is the hundreds digit of 667301543?
5
What is the billions digit of 2484635959?
2
What is the hundreds digit of 6165553100?
1
What is the thousands digit of 195164089?
4
What is the ten thousands digit of 352688471?
8
What is the ten millions digit of 45982374?
4
What is the hundred thousands digit of 734426301?
4
What is the tens digit of 120979637?
3
What is the hundred millions digit of 772381015?
7
What is the ten thousands digit of 93215970?
1
What is the hundreds digit of 231388416?
4
What is the hundred thousands digit of 2515697679?
6
What is the hundreds digit of 523231621?
6
What is the hundred thousands digit of 2141481981?
4
What is the hundred millions digit of 635563810?
6
What is the millions digit of 121541140?
1
What is the millions digit of 5913538717?
3
What is the ten thousands digit of 343870154?
7
What is the units digit of 40608516?
6
What is the units digit of 2695971745?
5
What is the hundred millions digit of 1731898531?
7
What is the hundreds digit of 494802763?
7
What is the thousands digit of 40254576?
4
What is the ten thousands digit of 6290392038?
9
What is the hundreds digit of 2051095?
0
What is the tens digit of 379562817?
1
What is the ten thousands digit of 25177290?
7
What is the billions digit of 1724044915?
1
What is the hundred millions digit of 929463259?
9
What is the hundred thousands digit of 4748983665?
9
What is the hundreds digit of 467399614?
6
What is the thousands digit of 1422584605?
4
What is the millions digit of 490173168?
0
What is the thousands digit of 235772497?
2
What is the millions digit of 270593783?
0
What is the hundred millions digit of 1895312429?
8
What is the units digit of 97157884?
4
What is the ten millions digit of 140322730?
4
What is the thousands digit of 86157813?
7
What is the ten thousands digit of 1494854871?
5
What is the tens digit of 19364248?
4
What is the hundreds digit of 69952044?
0
What is the tens digit of 173579442?
4
What is the units digit of 1241625935?
5
What is the ten thousands digit of 11863011?
6
What is the tens digit of 32152694?
9
What is the units digit of 977682611?
1
What is the hundred millions digit of 2238668652?
2
What is the hundreds di